{"id":1210,"date":"2020-11-30T16:15:26","date_gmt":"2020-11-30T16:15:26","guid":{"rendered":"https:\/\/sgallery.hazu.hr\/izlozba\/svecanost-otvorenja-1884\/?page_id=1210"},"modified":"2020-12-30T16:59:49","modified_gmt":"2020-12-30T16:59:49","slug":"o-izlozbi","status":"publish","type":"page","link":"https:\/\/sgallery.hazu.hr\/izlozba\/svecanost-otvorenja-1884\/o-izlozbi\/","title":{"rendered":"O izlo\u017ebi"},"content":{"rendered":"\n<p>Virtualna izlo\u017eba pred vama nadogradnja je izlo\u017ebe <em>Sve\u010danost otvorenja Strossmayerove galerije 1884. godine: povodom dvjestote godi\u0161njice ro\u0111enja biskupa Josipa Jurja Strossmayera<\/em>, postavljene po\u010detkom 2015. godine u atriju pala\u010de Hrvatske akademije znanosti i umjetnosti kao jedno u nizu doga\u0111anja kojima je Strossmayerova galerija starih majstora HAZU u razdoblju od studenoga 2014. do studenoga 2015. obilje\u017eila dva velika jubileja: sto tridesetu obljetnicu otvorenja Galerije i posve\u0107enja Akademijine pala\u010de te dvjestoti ro\u0111endan njihova utemeljitelja. Objavljen je i prigodni omanji <a href=\"https:\/\/dizbi.hazu.hr\/a\/?pr=iiif.v.a&amp;id=214237\" data-type=\"URL\" data-id=\"https:\/\/dizbi.hazu.hr\/a\/?pr=iiif.v.a&amp;id=214237\">katalog.<\/a> Priroda i obujam prikupljene gra\u0111e, koja je koli\u010dinom ve\u0107 tada uvelike nadma\u0161ivala komorni karakter izlo\u017ebe, ponukala nas je na koncipiranje njezine virtualne ina\u010dice, koja bi omogu\u0107ila uklju\u010divanje vi\u0161e materijala i njegovu primjerenu prezentaciju. U me\u0111uvremenu objavljena za temu relevantna stru\u010dna i znanstvena literatura \u2013 me\u0111u kojom je najrecentniji naslov, analizom poznate i dosad manje znane ili neobjavljene arhitektonske dokumentacije, ozna\u010dio kapitalan iskorak u razumijevanju geneze projekta za Akademijinu pala\u010du i Galeriju slika \u2013 bila nam je putokaz za dopunska istra\u017eivanja, tijekom kojih je selektirana dodatna koli\u010dina izlo\u017ebene gra\u0111e. Virtualni okvir pru\u017eio je niz funkcionalnosti koje su pridonijele slikovitijoj i \u017eivljoj prezentaciji materijala, kao i mogu\u0107nosti da se istodobno obratimo razli\u010ditim profilima korisnika. \u017delja nam je da na\u0161 uradak bude zanimljiv i pou\u010dan naj\u0161iroj publici, no jednako tako i koristan resurs istra\u017eiva\u010dima. Zajedno s tvrtkom koja je oblikovala sadr\u017eaj, i uz susretljivost suradni\u010dkih ba\u0161tinskih institucija, koje su omogu\u0107ile povezivanje sa svojim digitalnim repozitorijima, nastojale smo uspostaviti \u0161to \u0161iru mogu\u0107u mre\u017eu poveznica sa srodnom mre\u017eno dostupnom gra\u0111om i literaturom. Neskromno se nadamo da je ovako zami\u0161ljen projekt primjer potencijala sinergijskog djelovanja ba\u0161tinske zajednice u virtualnom okru\u017eenju, te tako i racionalnog kori\u0161tenja javnih izvora financiranja.<\/p>\n\n\n\n<p>Glavni naslov virtualne izlo\u017ebe preuzet je iz \u010destitke koju je Akademiji, me\u0111u desecima drugih brzojava pojedinaca i institucija odaslanih povodom sve\u010danog otvorenja Galerije, a koji su se danima objavljivali u novinama toga studenoga, uputila pu\u010dka \u010ditaonica iz Delnica. Njezin puni tekst \u2013 \u201eSlavni meceno, diko Hrvata, dok bude svieta do njegova vijeka sjat \u0107e ti ime za velike \u010dine harnih Hrvata\u201c \u2013 na najjezgrovitiji na\u010din opisuje atmosferu i osje\u0107aje koje su taj veliki doga\u0111aj i op\u0107enito sam Strossmayer pobudili me\u0111u golemim brojem sunarodnjaka. Uratkom koji slijedi nastojale smo vam ih prenijeti \u0161to detaljnije i vjernije.<\/p>\n","protected":false},"excerpt":{"rendered":"<p>Virtualna izlo\u017eba pred vama nadogradnja je izlo\u017ebe Sve\u010danost otvorenja Strossmayerove galerije 1884. godine: povodom dvjestote godi\u0161njice ro\u0111enja biskupa Josipa Jurja Strossmayera, postavljene po\u010detkom 2015. godine u atriju pala\u010de Hrvatske akademije znanosti i umjetnosti kao jedno u nizu doga\u0111anja kojima je Strossmayerova galerija starih majstora HAZU u razdoblju od studenoga 2014. do studenoga 2015. obilje\u017eila dva [&hellip;]<\/p>\n","protected":false},"author":2,"featured_media":0,"parent":0,"menu_order":0,"comment_status":"closed","ping_status":"closed","template":"","meta":{"inline_featured_image":false,"footnotes":""},"class_list":["post-1210","page","type-page","status-publish","hentry"],"_links":{"self":[{"href":"https:\/\/sgallery.hazu.hr\/izlozba\/svecanost-otvorenja-1884\/wp-json\/wp\/v2\/pages\/1210","targetHints":{"allow":["GET"]}}],"collection":[{"href":"https:\/\/sgallery.hazu.hr\/izlozba\/svecanost-otvorenja-1884\/wp-json\/wp\/v2\/pages"}],"about":[{"href":"https:\/\/sgallery.hazu.hr\/izlozba\/svecanost-otvorenja-1884\/wp-json\/wp\/v2\/types\/page"}],"author":[{"embeddable":true,"href":"https:\/\/sgallery.hazu.hr\/izlozba\/svecanost-otvorenja-1884\/wp-json\/wp\/v2\/users\/2"}],"replies":[{"embeddable":true,"href":"https:\/\/sgallery.hazu.hr\/izlozba\/svecanost-otvorenja-1884\/wp-json\/wp\/v2\/comments?post=1210"}],"version-history":[{"count":8,"href":"https:\/\/sgallery.hazu.hr\/izlozba\/svecanost-otvorenja-1884\/wp-json\/wp\/v2\/pages\/1210\/revisions"}],"predecessor-version":[{"id":2348,"href":"https:\/\/sgallery.hazu.hr\/izlozba\/svecanost-otvorenja-1884\/wp-json\/wp\/v2\/pages\/1210\/revisions\/2348"}],"wp:attachment":[{"href":"https:\/\/sgallery.hazu.hr\/izlozba\/svecanost-otvorenja-1884\/wp-json\/wp\/v2\/media?parent=1210"}],"curies":[{"name":"wp","href":"https:\/\/api.w.org\/{rel}","templated":true}]}}